{"id":72,"date":"2019-10-01T11:34:39","date_gmt":"2019-10-01T11:34:39","guid":{"rendered":"http:\/\/waldonline.eu\/?page_id=72"},"modified":"2025-11-29T19:16:55","modified_gmt":"2025-11-29T18:16:55","slug":"twitter","status":"publish","type":"page","link":"https:\/\/waldonline.eu\/","title":{"rendered":"Willkommen auf meiner Homepage!"},"content":{"rendered":"\n<p><\/p>\n\n\n\n<h2 class=\"wp-block-heading has-text-align-center\">Sch\u00f6n, dass Sie hier sind! Mein Name ist Oliver Wald, und ich setze mich mit Leidenschaft f\u00fcr unsere Stadt und den Ortsteil Pumpe-Stich und ihre B\u00fcrgerinnen und B\u00fcrger ein. Als Stadtrat engagiere ich mich f\u00fcr eine lebenswerte Kommune \u2013 mit starken Strukturen, nachhaltiger Entwicklung und einer Politik, die nah an den Menschen ist.<\/h2>\n\n\n\n<h2 class=\"wp-block-heading\">Mein kommunalpolitisches Engagement ist gepr\u00e4gt von Tatkraft, Verl\u00e4sslichkeit und dem festen Glauben, dass gemeinsames Handeln unsere Stadt und unseren Ortsteil voranbringt. Ob Bildung, Verkehr oder Infrastruktur \u2013 es gibt viel zu tun, und ich bin mit vollem Einsatz dabei !<\/h2>\n\n\n\n<p>Seit mehreren Jahren setze ich mich aktiv f\u00fcr die fl\u00e4chendeckende Stationierung von AED-Ger\u00e4ten  (Automatische externe Defibrillatoren) in Eschweiler ein. Hier gibt es bereits erste Erfolge zu verzeichnen.<\/p>\n\n\n\n<p>Ich lade Sie ein, mehr \u00fcber die Ratsarbeit, meine Ideen und Projekte zu erfahren. Vielleicht findet sich aber auch die M\u00f6glichkeit eines pers\u00f6nlichen Gespr\u00e4chs, z.B. bei einem der<strong> Ortstermine oder  bei der regelm\u00e4\u00dfig stattfindenden B\u00fcrgersprechstunde.<\/strong><\/p>\n\n\n\n<p><\/p>\n","protected":false},"excerpt":{"rendered":"<p>Sch\u00f6n, dass Sie hier sind! Mein Name ist Oliver Wald, und ich setze mich mit Leidenschaft f\u00fcr unsere Stadt und den Ortsteil Pumpe-Stich und ihre&#8230;<\/p>\n<div class=\"more-link-wrapper\"><a class=\"more-link\" href=\"https:\/\/waldonline.eu\/\">Weiterlesen<span class=\"screen-reader-text\">Willkommen auf meiner Homepage!<\/span><\/a><\/div>\n","protected":false},"author":1,"featured_media":0,"parent":0,"menu_order":0,"comment_status":"closed","ping_status":"closed","template":"","meta":{"footnotes":""},"class_list":["post-72","page","type-page","status-publish","hentry","entry"],"_links":{"self":[{"href":"https:\/\/waldonline.eu\/index.php?rest_route=\/wp\/v2\/pages\/72","targetHints":{"allow":["GET"]}}],"collection":[{"href":"https:\/\/waldonline.eu\/index.php?rest_route=\/wp\/v2\/pages"}],"about":[{"href":"https:\/\/waldonline.eu\/index.php?rest_route=\/wp\/v2\/types\/page"}],"author":[{"embeddable":true,"href":"https:\/\/waldonline.eu\/index.php?rest_route=\/wp\/v2\/users\/1"}],"replies":[{"embeddable":true,"href":"https:\/\/waldonline.eu\/index.php?rest_route=%2Fwp%2Fv2%2Fcomments&post=72"}],"version-history":[{"count":22,"href":"https:\/\/waldonline.eu\/index.php?rest_route=\/wp\/v2\/pages\/72\/revisions"}],"predecessor-version":[{"id":336,"href":"https:\/\/waldonline.eu\/index.php?rest_route=\/wp\/v2\/pages\/72\/revisions\/336"}],"wp:attachment":[{"href":"https:\/\/waldonline.eu\/index.php?rest_route=%2Fwp%2Fv2%2Fmedia&parent=72"}],"curies":[{"name":"wp","href":"https:\/\/api.w.org\/{rel}","templated":true}]}}

<p></p>



<h2 class="wp-block-heading has-text-align-center">Schön, dass Sie hier sind! Mein Name ist Oliver Wald, und ich setze mich mit Leidenschaft für unsere Stadt und den Ortsteil Pumpe-Stich und ihre Bürgerinnen und Bürger ein. Als Stadtrat engagiere ich mich für eine lebenswerte Kommune – mit starken Strukturen, nachhaltiger Entwicklung und einer Politik, die nah an den Menschen ist.</h2>



<h2 class="wp-block-heading">Mein kommunalpolitisches Engagement ist geprägt von Tatkraft, Verlässlichkeit und dem festen Glauben, dass gemeinsames Handeln unsere Stadt und unseren Ortsteil voranbringt. Ob Bildung, Verkehr oder Infrastruktur – es gibt viel zu tun, und ich bin mit vollem Einsatz dabei !</h2>



<p>Seit mehreren Jahren setze ich mich aktiv für die flächendeckende Stationierung von AED-Geräten  (Automatische externe Defibrillatoren) in Eschweiler ein. Hier gibt es bereits erste Erfolge zu verzeichnen.</p>



<p>Ich lade Sie ein, mehr über die Ratsarbeit, meine Ideen und Projekte zu erfahren. Vielleicht findet sich aber auch die Möglichkeit eines persönlichen Gesprächs, z.B. bei einem der<strong> Ortstermine oder  bei der regelmäßig stattfindenden Bürgersprechstunde.</strong></p>



<p></p>

<p>Schön, dass Sie hier sind! Mein Name ist Oliver Wald, und ich setze mich mit Leidenschaft für unsere Stadt und den Ortsteil Pumpe-Stich und ihre&#8230;</p>
<div class="more-link-wrapper"><a class="more-link" href="https://waldonline.eu/">Weiterlesen<span class="screen-reader-text">Willkommen auf meiner Homepage!</span></a></div>
